{"id":53,"date":"2020-06-18T18:55:30","date_gmt":"2020-06-18T18:55:30","guid":{"rendered":"https:\/\/www.agenciaromanticaanalitica.net\/sitio\/?page_id=53"},"modified":"2021-07-03T19:51:24","modified_gmt":"2021-07-03T19:51:24","slug":"participa","status":"publish","type":"page","link":"https:\/\/www.agenciaromanticaanalitica.net\/sitio\/participa\/","title":{"rendered":"Participa"},"content":{"rendered":"<div class=\"boldgrid-section\">\n<div class=\"container\">\n<div class=\"row\" style=\"padding-top: 0px; padding-bottom: 0px;\">\n<div class=\"col-md-12 col-xs-12 col-sm-12\">\n<p>&nbsp;<\/p>\n<\/div>\n<\/div>\n<\/div>\n<\/div>\n<div class=\"boldgrid-section\">\n<div class=\"container-fluid\">\n<div class=\"row bg-background-color color5-background-color color-5-text-contrast\" style=\"padding-top: 25px; padding-bottom: 0px;\">\n<h4 class=\"col-md-12 col-xs-12 col-sm-12\" style=\"font-weight: 400; font-size: 17px;\" data-font-family=\"\" data-font-weight=\"400\" data-font-style=\"\"><strong><a href=\"https:\/\/www.agenciaromanticaanalitica.net\/sitio\/participa\/\">[espa\u00f1ol]<\/a> <a href=\"https:\/\/www.agenciaromanticaanalitica.net\/sitio\/participa\/participa-2\/\">[portugues]<\/a><\/strong><\/h4>\n<\/div>\n<\/div>\n<\/div>\n<div class=\"tmpl-about-6 boldgrid-section dynamic-gridblock background-parallax\" style=\"background-position: 50% 50%; background-size: cover; background-image: url('https:\/\/www.agenciaromanticaanalitica.net\/sitio\/wp-content\/uploads\/2020\/06\/ixlibrb-0.3.5q80fmjpgcropentropycstinysrgbw1600h900fitcrops589dd39321ed01cc214a2e39440f2a6f.jpg');\" data-image-url=\"https:\/\/www.agenciaromanticaanalitica.net\/sitio\/wp-content\/uploads\/2020\/06\/ixlibrb-0.3.5q80fmjpgcropentropycstinysrgbw1600h900fitcrops589dd39321ed01cc214a2e39440f2a6f.jpg\">\n<div class=\"container-fluid\">\n<div class=\"row\" data-image-url=\"https:\/\/www.agenciaromanticaanalitica.net\/sitio\/wp-content\/uploads\/2020\/06\/a-01-scaled.jpg\" style=\"background-image: url('https:\/\/www.agenciaromanticaanalitica.net\/sitio\/wp-content\/uploads\/2020\/06\/a-01-scaled.jpg'); background-size: cover; background-position: 50% 11%; padding: 70px 5em 5em;\">\n<div class=\"col-md-5 col-sm-7 col-xs-12 text-center\">\n<div style=\"padding: 80px 5%;\" class=\"bg-box-cover color4-background-color color-4-text-contrast bg-background-color bg-box\">\n<p class=\"\"><i class=\"fa fa-arrow-down\" style=\"font-size: 60px;\" aria-hidden=\"true\"><span style=\"display: none;\">&nbsp;<\/span><\/i><\/p>\n<h2 class=\"h1 color5-color\" style=\"font-size: 40px; font-family: Viga; font-weight: 400;\" data-font-family=\"Viga\" data-font-weight=\"400\" data-font-style=\"\">Participa<\/h2>\n<p class=\"\" style=\"margin: 30px 0;\">La Agencia Rom\u00e1ntica Anal\u00edtica propone diferentes instancias de participaci\u00f3n para abrir el debate sobre la afectividad en Am\u00e9rica Latina.<\/p>\n<p class=\"\">&nbsp;<\/p>\n<p class=\"\">&nbsp;<\/p>\n<\/div>\n<\/div>\n<div class=\"col-md-7 col-sm-5 col-xs-12\"><\/div>\n<\/div>\n<\/div>\n<\/div>\n<div class=\"tmpl-about-10 boldgrid-section dynamic-gridblock background-parallax\" style=\"color: #1d1d1d;\">\n<div class=\"container\">\n<div class=\"row\" style=\"padding-top: 5em; padding-bottom: 5em; padding-right: 1.3em; border-radius: 0px; box-shadow: #cecece -2px 0px 0px -1px; width: auto; margin: -1px; background-color: #eacc47;\">\n<div class=\"col-md-4 col-sm-4 col-xs-3\">\n<p class=\"\">&nbsp;<\/p>\n<\/div>\n<div class=\"col-md-7 col-sm-4 col-xs-9 color4-border-color\" style=\"padding: 0em 1em 2em 2em; border-left: 1px solid;\">\n<h2 class=\"\" style=\"font-family: Viga; font-weight: 400;\" data-font-family=\"Viga\" data-font-weight=\"400\" data-font-style=\"\">debates en vivo<\/h2>\n<p class=\"\"><span style=\"font-weight: 400;\">Estamos abiertas a realizar lives y debates en vivo sobre arte y afectividad. Entra en <strong><a href=\"https:\/\/www.agenciaromanticaanalitica.net\/sitio\/contacto\/\">contacto<\/a><\/strong> con nosotras!<\/span><\/p>\n<p class=\"\">&nbsp;<\/p>\n<h2 class=\"\" style=\"font-family: Viga; font-weight: 400;\" data-font-family=\"Viga\" data-font-weight=\"400\" data-font-style=\"\">#kambiaroke<\/h2>\n<p class=\"\">Te invitamos a compartir a trav\u00e9s de formulario intervenciones de grandes \u00e9xitos de la m\u00fasica rom\u00e1ntica latinoamericana, cambiando sus letas. Con ellas realizaremos videos de karaoke!<\/p>\n<p class=\"\">&nbsp;<\/p>\n<p class=\"\"><span style=\"font-weight: 400;\">Proponemos realizar los cambios que prefieran dentro de las siguientes posibilidades:<\/span><\/p>\n<p>&nbsp;<\/p>\n<ul class=\"\">\n<li style=\"font-weight: 400;\"><span style=\"font-weight: 400;\">Cambiar el g\u00e9nero a la letra<\/span><\/li>\n<li style=\"font-weight: 400;\"><span style=\"font-weight: 400;\">Explicitar la sexualidad o las pr\u00e1cticas sexuales<\/span><\/li>\n<li style=\"font-weight: 400;\"><span style=\"font-weight: 400;\">Describir otras formas de relaci\u00f3n como:<\/span>\n<ul>\n<li style=\"font-weight: 400;\"><span style=\"font-weight: 400;\">Relaciones no excluyentes y <\/span><span style=\"font-weight: 400;\">no violentas (material y simb\u00f3lica)<\/span><\/li>\n<li style=\"font-weight: 400;\"><span style=\"font-weight: 400;\">Relaciones abiertas o poliamorosas<\/span><\/li>\n<\/ul>\n<\/li>\n<li style=\"font-weight: 400;\"><span style=\"font-weight: 400;\">Que las letras nuevas explicitan o discutan:<\/span>\n<ul>\n<li style=\"font-weight: 400;\"><span style=\"font-weight: 400;\">la idea homog\u00e9nea de amor, <\/span><span style=\"font-weight: 400;\">la lgtbfobia o heterosexualidad obligatoria,&nbsp;<\/span><span style=\"font-weight: 400;\">la monog\u00e1mia, <\/span><span style=\"font-weight: 400;\">el machismo, <\/span><span style=\"font-weight: 400;\">la condici\u00f3n contractual del amor,&nbsp;<\/span><span style=\"font-weight: 400;\">la subordinaci\u00f3n y&nbsp;<\/span><span style=\"font-weight: 400;\">la exclusi\u00f3n (racial, de clase, g\u00e9nero y sexualidad).<\/span><\/li>\n<\/ul>\n<\/li>\n<\/ul>\n<p>&nbsp;<\/p>\n<h2 class=\"\" style=\"font-family: Viga; font-weight: 400;\" data-font-family=\"Viga\" data-font-weight=\"400\" data-font-style=\"\">\u00a1gracias!<\/h2>\n<p class=\"\">\u00a1Muchas gracias!<br \/>\nTu colaboraci\u00f3n es esencial para el buen desarrollo de este proyecto.<\/p>\n<\/div>\n<div class=\"col-md-1 col-sm-4 col-xs-12\">\n<p class=\"\">&nbsp;<\/p>\n<\/div>\n<\/div>\n<div class=\"row\" style=\"padding: 70px 0.1em 5em 0.5em; background-image: url('https:\/\/www.agenciaromanticaanalitica.net\/sitio\/wp-content\/uploads\/2020\/06\/Sin-t\u00edtulo-2-01-scaled.jpg'); background-size: cover; background-position: 50% 50%;\" data-image-url=\"https:\/\/www.agenciaromanticaanalitica.net\/sitio\/wp-content\/uploads\/2020\/06\/Sin-t\u00edtulo-2-01-scaled.jpg\">\n<div class=\"col-md-6 col-sm-6 col-xs-3 align-column-center\">\n<p class=\"\"><i class=\"fa bg-inserted-icon fa-paper-plane-o\" style=\"font-size: 36px;\" aria-hidden=\"true\"> <span style=\"display: none;\">&nbsp;<\/span> <\/i><\/p>\n<p class=\"h1\" style=\"font-weight: bold; text-align: right;\"><span style=\"color: #000000; font-family: FontAwesome; font-weight: normal;\">&nbsp;<\/span><span style=\"color: #000000; font-family: FontAwesome; font-weight: normal;\">&nbsp; &nbsp; &nbsp;<\/span><\/p>\n<\/div>\n<div class=\"col-md-4 col-sm-4 col-xs-9 color4-border-color\" style=\"padding: 0em 1em 2em 2em; border-left: 1px solid;\">\n<div class=\"\">\n<h3 class=\"\" style=\"text-align: center; font-family: Viga; font-weight: 400;\" data-font-family=\"Viga\" data-font-weight=\"400\" data-font-style=\"\">\u00bfqu\u00e9 hacemos con los datos?<\/h3>\n<p class=\"\">La informaci\u00f3n que nos env\u00edas ser\u00e1 usada para&nbsp;producci\u00f3n de obra art\u00edstica y otras propuestas como publicaciones, que se relacionan a este proyecto de investigaci\u00f3n en arte sobre afectividad.<\/p>\n<p class=\"\">En cada propuesta que realicemos ser\u00e1n reconocidos los cr\u00e9ditos de tu colaboraci\u00f3n.<br \/>\nLos usos que se realizar\u00e1n, ser\u00e1n de acceso p\u00fablico y libre.<\/p>\n<\/div>\n<\/div>\n<div class=\"col-md-2 col-sm-2 col-xs-12\"><\/div>\n<\/div>\n<\/div>\n<\/div>\n<div class=\"boldgrid-section\">\n<div class=\"container-fluid\">\n<div class=\"row\" style=\"padding-top: 31px; padding-bottom: 75px;\">\n<div class=\"col-md-12 col-xs-12 col-sm-12\">\n<h3 class=\"\" style=\"font-family: Viga; font-weight: 400;\" data-font-family=\"Viga\" data-font-weight=\"400\" data-font-style=\"\">Formulario online&nbsp; para #kambiaroke<\/h3>\n<p class=\"\"><span style=\"font-weight: 400;\">&nbsp;<\/span><\/p>\n<p><iframe loading=\"lazy\" src=\"https:\/\/docs.google.com\/forms\/d\/e\/1FAIpQLSdC2OxdZml1eISolfA1uXlWWOxtDgYQn2YidGZHZoQwPt4bYg\/viewform?embedded=true\" width=\"900\" height=\"520\" frameborder=\"0\" marginwidth=\"0\" marginheight=\"0\">Loading\u2026<\/iframe><\/p>\n<\/div>\n<\/div>\n<\/div>\n<\/div>\n<div style=\"border-bottom: 10px solid; color: #1d1d1d; background-position: 50% 50%; background-size: auto; background-repeat: repeat; background-color: #ffffff;\" class=\"color2-border-color tmpl-about-15 boldgrid-section dynamic-gridblock background-parallax\" data-bg-overlaycolor=\"rgba(238, 238, 238, 0.8)\">\n<div class=\"container-fluid\">\n<div class=\"row\" style=\"padding-bottom: 4px; background-color: #c4c4c4;\">\n<div class=\"col-md-6 col-sm-3 col-xs-1\"><\/div>\n<div class=\"col-md-4 col-sm-6 col-xs-10\">\n<p class=\"\" style=\"margin-top: -60px; z-index: 1; position: relative;\"><img loading=\"lazy\" decoding=\"async\" class=\"bg-img-1 color-neutral-border-color bg-img alignright wp-image-787 size-medium\" style=\"border: 10px solid;\" src=\"https:\/\/www.agenciaromanticaanalitica.net\/sitio\/wp-content\/uploads\/2021\/05\/logo-Agencia-Romantica-Analitica-300x300.jpeg\" alt=\"\" width=\"300\" height=\"300\" srcset=\"https:\/\/www.agenciaromanticaanalitica.net\/sitio\/wp-content\/uploads\/2021\/05\/logo-Agencia-Romantica-Analitica-300x300.jpeg 300w, https:\/\/www.agenciaromanticaanalitica.net\/sitio\/wp-content\/uploads\/2021\/05\/logo-Agencia-Romantica-Analitica-1024x1024.jpeg 1024w, https:\/\/www.agenciaromanticaanalitica.net\/sitio\/wp-content\/uploads\/2021\/05\/logo-Agencia-Romantica-Analitica-150x150.jpeg 150w, https:\/\/www.agenciaromanticaanalitica.net\/sitio\/wp-content\/uploads\/2021\/05\/logo-Agencia-Romantica-Analitica-768x768.jpeg 768w, https:\/\/www.agenciaromanticaanalitica.net\/sitio\/wp-content\/uploads\/2021\/05\/logo-Agencia-Romantica-Analitica-75x75.jpeg 75w, https:\/\/www.agenciaromanticaanalitica.net\/sitio\/wp-content\/uploads\/2021\/05\/logo-Agencia-Romantica-Analitica-48x48.jpeg 48w, https:\/\/www.agenciaromanticaanalitica.net\/sitio\/wp-content\/uploads\/2021\/05\/logo-Agencia-Romantica-Analitica-250x250.jpeg 250w, https:\/\/www.agenciaromanticaanalitica.net\/sitio\/wp-content\/uploads\/2021\/05\/logo-Agencia-Romantica-Analitica-550x550.jpeg 550w, https:\/\/www.agenciaromanticaanalitica.net\/sitio\/wp-content\/uploads\/2021\/05\/logo-Agencia-Romantica-Analitica-800x800.jpeg 800w, https:\/\/www.agenciaromanticaanalitica.net\/sitio\/wp-content\/uploads\/2021\/05\/logo-Agencia-Romantica-Analitica-180x180.jpeg 180w, https:\/\/www.agenciaromanticaanalitica.net\/sitio\/wp-content\/uploads\/2021\/05\/logo-Agencia-Romantica-Analitica-500x500.jpeg 500w, https:\/\/www.agenciaromanticaanalitica.net\/sitio\/wp-content\/uploads\/2021\/05\/logo-Agencia-Romantica-Analitica.jpeg 1240w\" sizes=\"auto, (max-width: 300px) 100vw, 300px\" \/><\/p>\n<\/div>\n<div class=\"col-md-2 col-sm-3 col-xs-1\"><\/div>\n<\/div>\n<\/div>\n<\/div>\n<div class=\"boldgrid-section\">\n<div class=\"container\">\n<div class=\"row\" style=\"padding-top: 0px;\"><\/div>\n<\/div>\n<\/div>\n","protected":false},"excerpt":{"rendered":"<p>&nbsp; [espa\u00f1ol] [portugues] &nbsp; Participa La Agencia Rom\u00e1ntica Anal\u00edtica propone diferentes instancias de participaci\u00f3n para abrir el debate sobre la&hellip; <a class=\"read-more\" href=\"https:\/\/www.agenciaromanticaanalitica.net\/sitio\/participa\/\">Read more <span class=\"screen-reader-text\">Participa<\/span><\/a><\/p>\n","protected":false},"author":1,"featured_media":0,"parent":0,"menu_order":0,"comment_status":"closed","ping_status":"closed","template":"template\/page\/fullwidth.php","meta":{"bgseo_title":"","bgseo_description":"","bgseo_robots_index":"index","bgseo_robots_follow":"follow","footnotes":""},"class_list":["post-53","page","type-page","status-publish","hentry"],"_links":{"self":[{"href":"https:\/\/www.agenciaromanticaanalitica.net\/sitio\/wp-json\/wp\/v2\/pages\/53","targetHints":{"allow":["GET"]}}],"collection":[{"href":"https:\/\/www.agenciaromanticaanalitica.net\/sitio\/wp-json\/wp\/v2\/pages"}],"about":[{"href":"https:\/\/www.agenciaromanticaanalitica.net\/sitio\/wp-json\/wp\/v2\/types\/page"}],"author":[{"embeddable":true,"href":"https:\/\/www.agenciaromanticaanalitica.net\/sitio\/wp-json\/wp\/v2\/users\/1"}],"replies":[{"embeddable":true,"href":"https:\/\/www.agenciaromanticaanalitica.net\/sitio\/wp-json\/wp\/v2\/comments?post=53"}],"version-history":[{"count":10,"href":"https:\/\/www.agenciaromanticaanalitica.net\/sitio\/wp-json\/wp\/v2\/pages\/53\/revisions"}],"predecessor-version":[{"id":820,"href":"https:\/\/www.agenciaromanticaanalitica.net\/sitio\/wp-json\/wp\/v2\/pages\/53\/revisions\/820"}],"wp:attachment":[{"href":"https:\/\/www.agenciaromanticaanalitica.net\/sitio\/wp-json\/wp\/v2\/media?parent=53"}],"curies":[{"name":"wp","href":"https:\/\/api.w.org\/{rel}","templated":true}]}}